(n) - 4*s(n). Let a be t(5). What is the highest common divisor of 11 and a?
1
Suppose 4*t = -3*k + 11, -22 + 6 = -5*t - 3*k. Let c = t - -6. Calculate the highest common factor of 77 and c.
11
Suppose 2*x - 115 = 29. Calculate the greatest common factor of 54 and x.
18
Let h be (-3)/(-6) - (0 - (-29)/(-2)). Calculate the greatest common factor of h and 105.
15
Suppose 3*g + 42 = 5*g. Suppose 12 = -2*n + 4*n. Let b(v) = -v**2 + 6*v + 7. Let x be b(n). Calculate the highest common factor of g and x.
7
Let j be (-2 - -38)*(-2)/(-6). Suppose 5*f - 28 + 5 = p, 4*p - 4*f = -124. Let l = -15 - p. What is the highest common factor of l and j?
6
Let t(j) = j**2 - 6*j + 12. Let m be t(6). What is the highest common divisor of 12 and m?
12
Let z(m) = 18*m**2. Let n be z(3). Let j = -4 + 22. What is the greatest common factor of n and j?
18
Suppose 0 = 2*k - 8 - 2. Let l = 1 + k. Suppose l + 1 = o. Calculate the highest common factor of 35 and o.
7
Suppose 0 = -5*a + g + 86, 3*a + a - 2*g - 64 = 0. Let v = -9 + 18. What is the greatest common factor of v and a?
9
Let h(d) = -2*d**2 - 11*d - 1. Let i be h(-8). Let q = 167 + i. What is the highest common divisor of q and 14?
14
Suppose -j + 4*j = 12. Suppose 2*p + 372 = 3*r, -2*r - j*p = -355 + 91. What is the greatest common factor of r and 18?
18
Let k = -69 + 159. What is the greatest common divisor of 135 and k?
45
Let v = 5 - -4. Let z(q) = -100*q - 1. Let t be z(-1). What is the greatest common divisor of v and t?
9
Suppose 64 = 4*g - 16. Let h = g + -8. Calculate the highest common factor of h and 6.
6
Let w(n) = 0*n - n - 1 + 3*n - 4*n. Let y be w(-2). Calculate the greatest common divisor of y and 15.
3
Suppose -2*s - 13 + 77 = 0. What is the highest common divisor of 32 and s?
32
Let j(n) = -2*n + 13. Let t be j(-5). Calculate the greatest common factor of 207 and t.
23
Let n be 3/(-12) - 157/(-4). Let o = 116 - n. What is the highest common factor of o and 7?
7
Let y(z) = -z**3 - 2*z**2 - z - 10. Let q be y(-5). Calculate the highest common divisor of 28 and q.
14
Let w(s) be the first derivative of -s**4/4 - 4*s + 5. Let i be w(-4). Calculate the highest common factor of 20 and i.
20
Let q be ((-11)/(-33))/((-1)/(-24)). What is the highest common factor of 8 and q?
8
Let k be (-3876)/(-48) - 2/(-8). What is the highest common divisor of k and 9?
9
Let t(q) = -q**2 + 6*q + 3. Let m be t(4). Suppose 2*j - 5*j + 24 = 0. Let z = 19 - j. What is the greatest common factor of z and m?
11
Let b be 20/((4 + -3)/(-1)). Let h be ((-28)/b - -2)*5. Calculate the highest common divisor of h and 187.
17
Let u = -19 - 68. Let y = 142 + u. Calculate the highest common factor of y and 5.
5
Suppose -4*w + 260 = -8*w. Let h = -39 - w. Suppose 4*i = i + 195. What is the highest common factor of h and i?
13
Let s be (1/(-1))/((-10)/(-70)). Let z = 17 - s. Calculate the highest common divisor of 16 and z.
8
Suppose 2*v = 8 + 10. Suppose 0 = -0*q - 2*q + 144. Calculate the highest common divisor of v and q.
9
Let f = 0 - -20. Calculate the greatest common divisor of f and 10.
10
Let g = 4 - 8. Let b be (-17)/(-1) - (-2 - g). What is the greatest common factor of 5 and b?
5
Let q(p) = p**3 - 5*p + 6. Let d be q(4). What is the highest common divisor of 50 and d?
50
Suppose c + 7 = 15. What is the highest common divisor of c and 12?
4
Let g = 7 + -8. Let x(p) = -36*p**3 - 2*p - 1. Let c be x(g). Let l = c + 5. Calculate the greatest common divisor of l and 6.
6
Let b be -2 - (-2 + (-1 - -2 - 51)). What is the highest common divisor of b and 10?
10
Suppose 0 = 4*i + 2*f - 30, f - 8 = i - 23. Calculate the greatest common divisor of 50 and i.
10
Suppose 2*g = 8, -g + 12 = 2*w + 4. Suppose x = w*l - 32, 0*x + 56 = 4*l - 4*x. Suppose 270 = -2*m + 5*m. What is the greatest common divisor of l and m?
18
Let c(g) = g**2 - 6*g + 5. Let w be c(6). Suppose -2*k = k + 4*h - 157, -2*k + 5*h + 120 = 0. What is the highest common divisor of w and k?
5
Suppose 5*d + 3*r - 54 = 0, 3*d - 23 = -2*r + 9. Calculate the greatest common factor of d and 132.
12
Let c(g) = -3*g - 4. Let h be c(-9). Calculate the greatest common factor of 23 and h.
23
Let n = -11 - -38. Suppose -5*m + 47 = -43. What is the greatest common factor of n and m?
9
Let u(a) = a**3 + 6*a**2 + 7*a + 3. Let v be u(-3). What is the highest common divisor of v and 9?
9
Let d = 10 - 4. Suppose 0 = d*p - 4*p. Let o be 28 - p*(-2)/(-6). What is the highest common divisor of o and 4?
4
Let v = 91 + -46. Suppose 0 = l + 13 - v. Suppose -w - l = -5*w. What is the highest common factor of w and 32?
8
Suppose -2*y = 3*y. Suppose -x + 3*d = -0 + 1, y = 3*d - 3. What is the greatest common divisor of 2 and x?
2
Suppose -l - o = 4*l - 290, -o = -2*l + 123. Let g = -5 + l. Calculate the highest common factor of 18 and g.
18
Let m(t) = 0*t**2 - 1 + 4*t**2 - 6*t + t**2 - 4*t**2. Let q be m(7). What is the highest common factor of q and 24?
6
Suppose -1 = -2*i + 3. Suppose 5 + 1 = 3*c, 0 = -w + i*c + 14. What is the greatest common factor of 162 and w?
18
Suppose 5 = -h - 0*h. Let r be (2/h)/(2/20). Let j = r + 6. What is the greatest common factor of 18 and j?
2
Suppose -3*o + 110 = -9*d + 8*d, 0 = -3*o - 5*d + 134. Let h(z) = -2*z**3 - z**2 - 5*z - 3. Let g be h(-3). Calculate the highest common factor of o and g.
19
Let y be ((-80)/56)/(2 - (-15)/(-7)). Suppose 3*v = -a - 3 + 16, -3*a + 4*v - 26 = 0. Let t = y - a. What is the highest common divisor of 30 and t?
6
Suppose -2*l + 4 = -c, 2*l - 16 = -c - c. Let x = c - 7. Let p = x + 111. Calculate the greatest common divisor of p and 12.
12
Let n be (4 + -1)/((-6)/4). Let l be (n - 0)/((-6)/27). Let c = l + 2. Calculate the greatest common factor of c and 44.
11
Suppose 39 + 136 = 5*t. Let i = 1 + -1. Let r = 5 - i. Calculate the highest common factor of r and t.
5
Let f = 36 - 33. Suppose 3*y = f*h - 90, 3*y + 38 = -0*h + h. Let c be ((-26)/(-4))/((-1)/(-6)). Calculate the highest common divisor of c and h.
13
Let h = -23 - -29. Calculate the greatest common divisor of h and 48.
6
Let k(x) = 2*x**2. Let d be k(-1). Suppose -2*q = -6*q + d*p + 70, -q + 3*p = -5. Suppose 0*z = 4*z - q. Calculate the highest common divisor of 25 and z.
5
Suppose -1 = q, 2*q + 2 = 4*g + 24. Let p(j) = -4*j + 2. Let u be p(g). Calculate the greatest common factor of 78 and u.
26
Let j = -12 - -20. Suppose 0 = 3*r - 6*r + 24. Let h be 578/r + 3/(-12). What is the highest common factor of h and j?
8
Let m = 26 + -19. Calculate the greatest common factor of 14 and m.
7
Let y(n) = -4*n - 3*n + n. Let o be y(-2). Calculate the greatest common factor of 8 and o.
4
Suppose j = -2, 0 = -5*m - 2*j - 48 + 164. Suppose 13 + 33 = 5*n + 2*f, -3*n + 33 = 3*f. What is the highest common divisor of n and m?
8
Let g be 26 - -6*(-8)/(-12). Let s = -3 + g. What is the greatest common divisor of 18 and s?
9
Suppose 0 = -3*y + 3 + 3. Suppose 0*i - y*i + 22 = 0. What is the greatest common divisor of i and 1?
1
Let x(r) = r**2 - 9*r + 6. Let n be x(7). Let z(f) = -f**2 - 8*f + 4. Let d be z(n). Suppose d*l = 325 + 115. Calculate the greatest common divisor of l and 10.
10
Suppose 5*w + 0*u = 5*u - 185, 4*u = 5*w + 189. Let l = 73 + w. Calculate the greatest common factor of 4 and l.
4
Suppose 0*g = -2*y + 2*g - 2, 5*y - 3*g - 5 = 0. Suppose -l + 3*l - 4*p = 110, y*p = 5*l - 299. Calculate the greatest common divisor of 7 and l.
7
Suppose -9 = -2*g + 39. What is the highest common factor of 120 and g?
24
Let q = 22 + -20. Calculate the highest common factor of 1 and q.
1
Suppose -3*m + 36 + 6 = 0. What is the highest common divisor of 49 and m?
7
Let n(u) = -2*u**2 - 13*u + 7. Let a(l) = -5*l**2 - 38*l + 22. Let w(m) = -3*a(m) + 8*n(m). Let o be w(7). Calculate the greatest common divisor of o and 55.
11
Suppose 3*w - 2*k - 152 = 0, -w + 29 = 4*k - 3. Suppose 0 = f + 4, -5*f - w = -5*c - 3*f. Calculate the highest common divisor of 56 and c.
8
Let y be (9/(-15))/(3*2/(-30)). What is the greatest common factor of 6 and y?
3
Let h(z) = 3*z + 9. Let g be h(-8). Let o = 37 + g. What is the greatest common divisor of 242 and o?
22
Suppose -2*m - 23 = -3*c, 3 = 5*m - 22. Let g = -1 + c. Suppose 164 = 2*d + 4*y, -4*d + 3*y + 315 = -2*y. Calculate the highest common divisor of d 